the tens digit of (-53*1/k)/((-6)/(-24))?
0
Suppose 4*l = 2*l + 14. Let f = l + -3. Suppose -f*d - 4*n + 16 = 0, 9*d + 3*n - 20 = 4*d. What is the units digit of d?
4
Suppose s + 4 = 2*a + 84, 0 = s - a - 81. Let o = 117 - s. Suppose 0*g = g - o. What is the tens digit of g?
3
Suppose 0 = o - 1, -2*c + 4*o = 2*o - 2528. What is the hundreds digit of c?
2
Suppose 0 = v + 3 - 1, 2*m = 3*v + 364. What is the hundreds digit of m?
1
Let k(b) = 26*b + 173. What is the hundreds digit of k(13)?
5
Let z be 2 + -3 + -1 + 1. Let b be 1 + 4 + z + -7. What is the tens digit of ((-2)/b)/((-6)/(-261))?
2
Suppose -3*s = 2*y - 0*y + 98, 0 = -2*y - 5*s - 102. Let t = -11 - y. What is the units digit of t?
5
Suppose 55 = o + 48. Let s be (-1 - (3 + -1))/1. Let q = o + s. What is the units digit of q?
4
Suppose -13*x - 27 = -16*x. Suppose m = -x + 121. What is the units digit of m?
2
Let s(q) = q**2. Let g be s(-2). Let r be (g - 1)*2 + -3. Suppose 0 = 7*z - r*z - 88. What is the tens digit of z?
2
Let q(j) = -j + 6. Let w be q(5). Let v be -3*(-3 - -4) - w. What is the units digit of 31*(-2)/v*2?
1
Let w(m) = 72*m**3 - 3*m**2 - 9*m + 18. What is the units digit of w(3)?
8
Let g = 134 - 108. What is the units digit of g?
6
Suppose 0 = b + 5*b + 96. Let x = b + 16. Suppose 3*a - 2*a - 19 = x. What is the units digit of a?
9
Let a(h) = -82*h - 19. What is the hundreds digit of a(-12)?
9
Let t be 40/3 + 1/(-3). Suppose 4*m = 41 - t. What is the units digit of m?
7
Let u = 232 + -160. Let a = u - 48. What is the tens digit of a?
2
Let u(r) = -21*r - 9. Let n be u(-5). Suppose 3*a - n = -2*v, v + 5*a = 6*v - 265. Let h = 77 - v. What is the tens digit of h?
2
Let m be -1*4/8*4. Let s(z) = 19*z**2 + 2*z - 2. Let a be s(m). Let k = -40 + a. What is the tens digit of k?
3
Let c = 13 - 11. Let l(r) = 36*r**c - 5*r + 2*r - 4 - 20*r**2. What is the tens digit of l(-2)?
6
Let d = -201 + 376. Let p = 176 + -281. Let h = d + p. What is the tens digit of h?
7
Let d be (-1 + 2/4)*-190 - 3. Let t = d + -70. What is the tens digit of t?
2
Let l(s) = s**3 + 13*s**2 + 2. Let v be l(-13). Suppose -v*o + 0*g + 4 = -2*g, 0 = -5*o - 3*g + 18. Suppose -4*h - o = -19. What is the units digit of h?
4
Let t be (-124)/(-6) + 2/(-3). Let i = t + -5. Suppose g - 28 - i = 0. What is the tens digit of g?
4
Let w = 184 + -101. Let t be (2/(-5))/((-2)/80). Let c = w - t. What is the tens digit of c?
6
Suppose -n = k - 2*n - 558, -n = 5*k - 2802. Suppose 11*b = 6*b + k. What is the units digit of b?
2
Let h = -61 - -34. Let g = 51 + h. Suppose -5*j + 98 = a, 3*j - 2*a - g = 2*j. What is the tens digit of j?
2
Let m(t) = -t**3 + 5*t**2 - 3*t - 1. Let s be m(4). Suppose -3 + 123 = s*u. What is the tens digit of u?
4
Let y be 1*-4 - -6*4/8. Let b(s) = 22*s**2 - 1. What is the tens digit of b(y)?
2
Let g(q) = -16*q + 10. Let d be g(6). Let o = 146 + d. Suppose -3*p + o = -6. What is the tens digit of p?
2
Let q(n) = 2*n**2 + 24*n + 350. What is the units digit of q(23)?
0
Let d(l) = -25*l - 20. Let h be d(-8). Let s = -119 + h. What is the units digit of s?
1
Let r(n) = 61*n**2 - 18*n + 85. What is the hundreds digit of r(7)?
9
Let p(d) = -8*d**2 + d + 4. Let j(i) = 4*i**2 - 2. Let f(u) = -5*j(u) - 3*p(u). Let n be f(-4). Suppose 0 = 9*w - 7*w - n. What is the tens digit of w?
3
Suppose 26*c - 458 - 10 = 0. What is the units digit of c?
8
Let m be 8/6*2607/22. Suppose -5*y - m = 212. Let f = -50 - y. What is the tens digit of f?
2
Suppose -544 = 2*w + 3*i, -3*w - 3*i + 816 = -6*w. Let k = 455 + w. What is the hundreds digit of k?
1
Suppose -4*o + l - 27 - 31 = 0, -5*o + 5*l - 65 = 0. Let w = 99 - o. What is the units digit of w?
4
Let v = 24 + -52. Let o = v + 19. Let u = 30 + o. What is the units digit of u?
1
Suppose 0*j = -5*j. Suppose -3*q - 42 = -j*q. Let o = q - -38. What is the units digit of o?
4
Let d = 147 - 87. Suppose 2*q + 16 = -u, 0*q - d = 5*u + 5*q. What is the units digit of (-165)/(-20) + (-6)/u?
9
Let m = 71 + -92. What is the units digit of (-2)/(-7) + (-2178)/m?
4
Let v = -352 + 205. Let r = v - -75. Let p = r + 104. What is the tens digit of p?
3
Suppose -2*b + 552 + 62 = -2*z, -4*z = b - 322. What is the tens digit of b?
1
Let o = -59 - -65. What is the units digit of (-1)/(-1 + 3 + -3) + o?
7
Let x be 8*(3/(-1) + (-9)/(-6)). Let t = x + 120. What is the units digit of t?
8
Let o be ((-22)/(-8))/((-1)/(-4)). Suppose 0 = -8*m + o*m - 33. Let g = -9 + m. What is the units digit of g?
2
Let t = 2873 + -1400. What is the hundreds digit of t?
4
Let u(v) = v + 14. Let g be u(-14). Let h be g + 3 - (-10 - -7). Let i(d) = 6*d + 13. What is the units digit of i(h)?
9
Let m = -26 - -12. Let y be (-1360)/56 + (-4)/m. Let g = -2 - y. What is the units digit of g?
2
Suppose -5*a = -0*a - 95. Let i = 10 - a. Let w = i + 14. What is the units digit of w?
5
Suppose 5*l - 4*j - 122 = 0, 0 = -3*j - 607 + 613. What is the units digit of l?
6
Suppose 34 = -8*v - 62. What is the units digit of (-1 - (-80)/v)*-18?
8
Let i be 12*-3*(-1)/6. Let s = 10 - i. Suppose 3*o = 2*o + 3*f + 33, -4*o - s*f + 148 = 0. What is the tens digit of o?
3
What is the units digit of (-21 + 24)*(-1069)/(-3)?
9
Suppose 2*i - d = 506, 5*d + 12 = -2*i + 506. Suppose -6*b - 6*b + i = 0. What is the tens digit of b?
2
Let k(z) = z**2 + 7*z - 8. Let j be k(-8). Suppose p - 2*c = 233, j*c + 5*c = 5. Suppose p = u + 3*u - 3*b, -4*u + 245 = -5*b. What is the units digit of u?
5
Let s(t) = t**3 - t**2 - t + 2. Let c be s(2). What is the units digit of (218/c)/((-20)/(-40))?
9
What is the hundreds digit of 1*(-149)/(62/(-20) + 3)?
4
Let l be 11/(-77) + 132/(-7). Let n = -18 - l. What is the units digit of n?
1
Let y be 2/((8/20)/((-2)/10)). Let m(t) = 44*t**2. What is the units digit of m(y)?
4
Let a = 17 - 66. Let j = a + 32. Let p = j - -26. What is the units digit of p?
9
Let n = -15 + 18. Suppose -n*l - 109 = 5*o - 294, -2*o - 58 = -l. What is the units digit of l?
0
Let d = -107 - -232. What is the hundreds digit of d?
1
Let u(m) = 3*m + 2. Let y be u(2). Suppose y = -4*g + 4. What is the tens digit of g/(1/25*-1)?
2
Suppose -t + 106 + 72 = 0. Suppose -t = -4*g - 58. What is the tens digit of g?
3
Suppose 5*j = 9*j - l - 1837, 4*l - 438 = -j. What is the hundreds digit of j?
4
Let g be (-13)/(-4) + -1*2/8. Let b(p) = 40*p - 9. What is the hundreds digit of b(g)?
1
Let w(v) = -v**3 - 11*v**2 - 3*v + 11. Let k be (8/(-10))/((-8)/260). Let g = 15 - k. What is the units digit of w(g)?
4
Let h be 0 + (-1)/((-4)/420). Suppose 23 = -w + h. What is the tens digit of w?
8
Let t(i) be the first derivative of -i**3/3 + i**2 - 4. Let v be t(7). What is the tens digit of 3/(-1) + (1 - v)?
3
Suppose b = 901 + 614. What is the hundreds digit of b?
5
Let p(f) = -4*f - 10 + 0 + 0*f + f**2 - 4. What is the units digit of p(-8)?
2
Let a be 1/((-6)/(-8) + -1). Suppose -3*u - 2*f = -84, 87 + 53 = 5*u - 5*f. Let v = a + u. What is the tens digit of v?
2
Let a = -6 - -12. Suppose 2*s - i - 15 = 0, s - 2*i + 6 = 3*i. Let g = a + s. What is the tens digit of g?
1
Suppose -46*h = -57*h + 26708. What is the units digit of h?
8
Suppose 0 = -8*r + 38*r - 23760. What is the hundreds digit of r?
7
Suppose -f + 3 = -1. Let a(q) = q**3 + 15*q**2 - 18*q - 7. Let s be a(-16). Suppose 0 = -f*x - x + s. What is the units digit of x?
5
Let s = 73 - 64. Let t = 16 + s. What is the units digit of t?
5
Let g(z) = 3*z**2 + 23*z + 3. What is the hundreds digit of g(-11)?
1
What is the units digit of (5*1*15)/((-62)/(-558))?
5
Let y(i) = -11 + i**2 + 0*i**2 + 4*i + 0*i. Let t = -316 - -322. What is the tens digit of y(t)?
4
Suppose 0 = 6*r - 2*r + y - 1875, 3*r + 5*y = 1402. Let t = 714 - r. Suppose 0 = -7*c + t + 203. What is the units digit of c?
4
Suppose 2*l + 3*l + 50 = 0. Suppose 65 = 2*v + 5. Let y = l + v. What is the units digit of y?
0
What is the tens digit of (88/(-132))/((-1)/1062)?
0
Suppose -4*r + 5*f + 811 = 0, 8*f = 3*f - 15. What is the hundreds digit of r?
1
Let r = 21 - 10. Let t = -13 + r. What is the units digit of -12*(-3 - t) + 3?
5
Let g be 5 + (4/(-1) - -5). Suppose -622 = g*r - 1906. What is the hundreds digit of r?
2
Suppose 0 = 4*s - 34 + 22. Suppose -3*a + 22 = a + 5*b, -s = -3*a + 3*b. What is the units digit of a?
3
Let c(v) = -10*v - 